{"id":118,"date":"2026-04-09T15:30:19","date_gmt":"2026-04-09T15:30:19","guid":{"rendered":"https:\/\/ff-stollhofen.at\/?page_id=118"},"modified":"2026-04-09T15:30:19","modified_gmt":"2026-04-09T15:30:19","slug":"buergerservice","status":"publish","type":"page","link":"https:\/\/ff-stollhofen.at\/index.php\/buergerservice\/","title":{"rendered":"B\u00fcrgerservice"},"content":{"rendered":"<div>\n<p style=\"text-align: center;\" align=\"center\"><span>Es brennt?\u00a0\u00a0 Unfall?\u00a0\u00a0 Was ist zu tun?<\/span><\/p>\n<p style=\"text-align: center;\" align=\"center\">\n<p style=\"text-align: center;\" align=\"center\"><span>Alarmieren\u00a0 &#8211;\u00a0 Retten\u00a0 &#8211;\u00a0 L\u00f6schen<\/span><\/p>\n<p style=\"text-align: center;\" align=\"center\"><span>Verst\u00e4ndigen Sie sofort Feuerwehr oder Rettung mit der richtigen Notrufnummer!<\/span><\/p>\n<p style=\"text-align: center;\" align=\"center\"><img loading=\"lazy\" decoding=\"async\" class=\"aligncenter wp-image-81 size-full\" src=\"https:\/\/ff-stollhofen.at\/wp-content\/uploads\/2026\/04\/notruf1.jpg\" alt=\"\" width=\"700\" height=\"160\" srcset=\"https:\/\/ff-stollhofen.at\/wp-content\/uploads\/2026\/04\/notruf1.jpg 700w, https:\/\/ff-stollhofen.at\/wp-content\/uploads\/2026\/04\/notruf1-300x69.jpg 300w\" sizes=\"auto, (max-width: 700px) 100vw, 700px\" \/><\/p>\n<p style=\"text-align: center;\" align=\"center\">\n<\/div>\n<hr class=\"hr1\" \/>\n<div class=\"clear\" style=\"text-align: center;\"><\/div>\n<div style=\"text-align: center;\" align=\"center\"><img decoding=\"async\" title=\"\" src=\"notruf1.jpg\" alt=\"\" border=\"0\" \/><\/div>\n<hr class=\"hr1\" \/>\n<div class=\"clear\" style=\"text-align: center;\"><\/div>\n<div style=\"text-align: center;\">\n<p align=\"left\"><strong><span><u>Alarmieren:<\/u><\/span><\/strong><\/p>\n<p align=\"left\"><span>Beim Absetzen eines Notrufes bitte unbedingt ruhig bleiben!<\/span><\/p>\n<p align=\"left\">\n<p align=\"left\"><span>Bei jedem Notruf ist mitzuteilen:<\/span><\/p>\n<p align=\"left\">\n<p align=\"left\"><span><u>1.\u00a0<strong>Wer spricht?<\/strong><\/u>\u00a0<\/span><span>Name und Standort der anrufenden Person!<\/span><\/p>\n<p align=\"left\"><span><strong><u>2. Was ist passiert?<\/u><\/strong>\u00a0Brand, Verkehrsunfall, &#8230;.<\/span><\/p>\n<p align=\"left\"><span><strong><u>3. Wo wird die Hilfeleistung gebraucht?<\/u><\/strong><\/span>\u00a0<span>Adresse, Anfahrt, Hilfsziele, &#8230;<\/span><\/p>\n<p align=\"left\"><span><strong><u>4. Wie ist die Lage?<\/u><\/strong>\u00a0Eingeschlossene Person, Verletzung, &#8230;<\/span><\/p>\n<p align=\"left\">\n<p align=\"left\"><span>Sprechen Sie langsam und deutlich!<\/span><\/p>\n<p align=\"left\">\n<p align=\"left\"><span><strong><u>Retten:<\/u><\/strong><\/span><\/p>\n<p align=\"left\"><span>Retten Sie gef\u00e4hrdete Menschen aus dem Gefahrenbereich, vergessen Sie nicht auf Ihre eigene Sicherheit!<\/span><\/p>\n<p align=\"left\"><span><strong>Menschenrettung geht vor Brandbek\u00e4mpfung!<\/strong><\/span><\/p>\n<p align=\"left\">\n<p align=\"left\"><strong><span><u>L\u00f6schen:<\/u><\/span><\/strong><\/p>\n<p align=\"left\"><span>Mit vorhandenen Kleinl\u00f6schger\u00e4ten (Handfeuerl\u00f6scher, Gartenschlauch, Wassereimer) den Entstehungsbrand bek\u00e4mpfen.<\/span><\/p>\n<p align=\"left\">\n<p align=\"left\"><span>Feuerwehr, Rettung erwarten und einweisen. Besondere Gefahren bekanntgeben. Ruhig berichten was bisher geschah.<\/span><\/p>\n<\/div>\n<hr class=\"hr1\" \/>\n<div class=\"clear\" style=\"text-align: center;\"><img loading=\"lazy\" decoding=\"async\" class=\"wp-image-86 size-full aligncenter\" src=\"https:\/\/ff-stollhofen.at\/wp-content\/uploads\/2026\/04\/verhalten_bei_brandfall_1.jpg\" alt=\"\" width=\"700\" height=\"931\" srcset=\"https:\/\/ff-stollhofen.at\/wp-content\/uploads\/2026\/04\/verhalten_bei_brandfall_1.jpg 700w, https:\/\/ff-stollhofen.at\/wp-content\/uploads\/2026\/04\/verhalten_bei_brandfall_1-226x300.jpg 226w\" sizes=\"auto, (max-width: 700px) 100vw, 700px\" \/><\/div>\n<div><img loading=\"lazy\" decoding=\"async\" class=\"aligncenter wp-image-119 size-full\" src=\"https:\/\/ff-stollhofen.at\/wp-content\/uploads\/2026\/04\/feuerloescher.gif\" alt=\"\" width=\"545\" height=\"665\" \/><\/div>\n<div><img loading=\"lazy\" decoding=\"async\" class=\"aligncenter wp-image-84 size-full\" src=\"https:\/\/ff-stollhofen.at\/wp-content\/uploads\/2026\/04\/sirenensignale_1.jpg\" alt=\"\" width=\"700\" height=\"990\" srcset=\"https:\/\/ff-stollhofen.at\/wp-content\/uploads\/2026\/04\/sirenensignale_1.jpg 700w, https:\/\/ff-stollhofen.at\/wp-content\/uploads\/2026\/04\/sirenensignale_1-212x300.jpg 212w\" sizes=\"auto, (max-width: 700px) 100vw, 700px\" \/><\/div>\n<div style=\"text-align: center;\" align=\"center\"><img decoding=\"async\" title=\"\" src=\"verhalten_bei_brandfall_1.jpg\" alt=\"\" border=\"0\" \/><\/div>\n<hr class=\"hr1\" \/>\n<div class=\"clear\" style=\"text-align: center;\"><\/div>\n<div style=\"text-align: center;\" align=\"center\"><img decoding=\"async\" title=\"\" src=\"feuerloescher.gif\" alt=\"\" border=\"0\" \/><\/div>\n<hr class=\"hr1\" \/>\n<div class=\"clear\" style=\"text-align: center;\"><\/div>\n<div style=\"text-align: center;\" align=\"left\"><img decoding=\"async\" title=\"\" src=\"sirenensignale_1.jpg\" alt=\"\" border=\"0\" \/><\/div>\n<hr class=\"hr1\" \/>\n<div class=\"clear\" style=\"text-align: center;\"><\/div>\n<div style=\"text-align: center;\">&#8230;&#8230;&#8230;&#8230;&#8230;&#8230;&#8230;&#8230;&#8230;&#8230;&#8230;&#8230;&#8230;&#8230;&#8230;&#8230;&#8230;&#8230;&#8230;&#8230;&#8230;&#8230;&#8230;&#8230;&#8230;&#8230;&#8230;&#8230;&#8230;&#8230;&#8230;&#8230;&#8230;&#8230;&#8230;&#8230;&#8230;&#8230;&#8230;&#8230;&#8230;&#8230;&#8230;&#8230;&#8230;&#8230;&#8230;&#8230;&#8230;&#8230;&#8230;&#8230;&#8230;&#8230;&#8230;&#8230;&#8230;&#8230;&#8230;&#8230;&#8230;&#8230;&#8230;&#8230;&#8230;&#8230;&#8230;&#8230;&#8230;&#8230;&#8230;&#8230;&#8230;&#8230;&#8230;&#8230;&#8230;&#8230;&#8230;&#8230;&#8230;&#8230;&#8230;&#8230;&#8230;..<\/div>\n","protected":false},"excerpt":{"rendered":"<p>Es brennt?\u00a0\u00a0 Unfall?\u00a0\u00a0 Was ist zu tun? Alarmieren\u00a0 &#8211;\u00a0 Retten\u00a0 &#8211;\u00a0 L\u00f6schen Verst\u00e4ndigen Sie sofort Feuerwehr oder Rettung mit der [&hellip;]<\/p>\n","protected":false},"author":1,"featured_media":0,"parent":0,"menu_order":0,"comment_status":"closed","ping_status":"closed","template":"","meta":{"site-sidebar-layout":"default","site-content-layout":"","ast-site-content-layout":"default","site-content-style":"default","site-sidebar-style":"default","ast-global-header-display":"","ast-banner-title-visibility":"","ast-main-header-display":"","ast-hfb-above-header-display":"","ast-hfb-below-header-display":"","ast-hfb-mobile-header-display":"","site-post-title":"","ast-breadcrumbs-content":"","ast-featured-img":"","footer-sml-layout":"","ast-disable-related-posts":"","theme-transparent-header-meta":"default","adv-header-id-meta":"","stick-header-meta":"","header-above-stick-meta":"","header-main-stick-meta":"","header-below-stick-meta":"","astra-migrate-meta-layouts":"set","ast-page-background-enabled":"default","ast-page-background-meta":{"desktop":{"background-color":"var(--ast-global-color-5)","background-image":"","background-repeat":"repeat","background-position":"center center","background-size":"auto","background-attachment":"scroll","background-type":"","background-media":"","overlay-type":"","overlay-color":"","overlay-opacity":"","overlay-gradient":""},"tablet":{"background-color":"","background-image":"","background-repeat":"repeat","background-position":"center center","background-size":"auto","background-attachment":"scroll","background-type":"","background-media":"","overlay-type":"","overlay-color":"","overlay-opacity":"","overlay-gradient":""},"mobile":{"background-color":"","background-image":"","background-repeat":"repeat","background-position":"center center","background-size":"auto","background-attachment":"scroll","background-type":"","background-media":"","overlay-type":"","overlay-color":"","overlay-opacity":"","overlay-gradient":""}},"ast-content-background-meta":{"desktop":{"background-color":"var(--ast-global-color-4)","background-image":"","background-repeat":"repeat","background-position":"center center","background-size":"auto","background-attachment":"scroll","background-type":"","background-media":"","overlay-type":"","overlay-color":"","overlay-opacity":"","overlay-gradient":""},"tablet":{"background-color":"var(--ast-global-color-4)","background-image":"","background-repeat":"repeat","background-position":"center center","background-size":"auto","background-attachment":"scroll","background-type":"","background-media":"","overlay-type":"","overlay-color":"","overlay-opacity":"","overlay-gradient":""},"mobile":{"background-color":"var(--ast-global-color-4)","background-image":"","background-repeat":"repeat","background-position":"center center","background-size":"auto","background-attachment":"scroll","background-type":"","background-media":"","overlay-type":"","overlay-color":"","overlay-opacity":"","overlay-gradient":""}},"footnotes":""},"class_list":["post-118","page","type-page","status-publish","hentry"],"_links":{"self":[{"href":"https:\/\/ff-stollhofen.at\/index.php\/wp-json\/wp\/v2\/pages\/118","targetHints":{"allow":["GET"]}}],"collection":[{"href":"https:\/\/ff-stollhofen.at\/index.php\/wp-json\/wp\/v2\/pages"}],"about":[{"href":"https:\/\/ff-stollhofen.at\/index.php\/wp-json\/wp\/v2\/types\/page"}],"author":[{"embeddable":true,"href":"https:\/\/ff-stollhofen.at\/index.php\/wp-json\/wp\/v2\/users\/1"}],"replies":[{"embeddable":true,"href":"https:\/\/ff-stollhofen.at\/index.php\/wp-json\/wp\/v2\/comments?post=118"}],"version-history":[{"count":1,"href":"https:\/\/ff-stollhofen.at\/index.php\/wp-json\/wp\/v2\/pages\/118\/revisions"}],"predecessor-version":[{"id":121,"href":"https:\/\/ff-stollhofen.at\/index.php\/wp-json\/wp\/v2\/pages\/118\/revisions\/121"}],"wp:attachment":[{"href":"https:\/\/ff-stollhofen.at\/index.php\/wp-json\/wp\/v2\/media?parent=118"}],"curies":[{"name":"wp","href":"https:\/\/api.w.org\/{rel}","templated":true}]}}